{"id":231,"date":"2019-03-24T21:14:30","date_gmt":"2019-03-24T21:14:30","guid":{"rendered":"http:\/\/wp.anne-lang.de\/?page_id=231"},"modified":"2024-08-11T19:39:51","modified_gmt":"2024-08-11T19:39:51","slug":"impressum","status":"publish","type":"page","link":"http:\/\/www.anne-lang.de\/?page_id=231","title":{"rendered":"Impressum"},"content":{"rendered":"\n<p><strong>Impressum<br><\/strong><strong>Angaben gem\u00e4\u00df \u00a7 5 TMG<\/strong><\/p>\n\n\n\n<p>Praxis und Privatpraxis f\u00fcr Psychotherapie und Coaching<br>Bischof-Sailer-Platz 420<br>84028 Landshut<\/p>\n\n\n\n<p><strong>Kontakt<\/strong><\/p>\n\n\n\n<p>Telefon: 0871 96684388<br>Mobil: +49 (0) 162 5675991<br>E-Mail: kontakt@anne-lang.de<\/p>\n\n\n\n<p><strong>Gesetzliche Berufsbezeichnung<\/strong><br>Psychologische Psychotherapeutin Richtlinienverfahren Verhaltenstherapie<br>Approbation verliehen in der Bundesrepublik Deutschland durch die Regierung von Oberbayern<br><br>Zulassung durch die Kassen\u00e4rztliche Vereinigung Bayerns<br>BSNR: 696925200<br><br><strong>Zugeh\u00f6rige Aufsichtsbeh\u00f6rde<\/strong> <strong>gem\u00e4\u00df \u00a76 Nr.3 TDG<\/strong><br>Bayerische Landeskammer der Psychologischen Psychotherapeuten und der Kinder- und Jugendlichenpsychotherapeuten<br>Birketweg 30, 80639 M\u00fcnchen<br>Tel. 089 \u2013 515555-0\u00a0<br><a rel=\"noreferrer noopener\" href=\"http:\/\/www.ptk-bayern.de\/\" target=\"_blank\">www.ptk-bayern.de<\/a><br><br><strong>Ma\u00dfgebliche Berufliche Regelungen<\/strong><br>Gesetz \u00fcber die Berufe des Psychologischen Psychotherapeuten und des Kinder- und Jugendlichenpsychotherapeuten (Psychotherapeutengesetz \u2013 PsychThG).<br>Gesetz \u00fcber die Berufsaus\u00fcbung, die Berufsvertretungen und die Berufsgerichtsbarkeit der \u00c4rzte, Zahn\u00e4rzte, Tier\u00e4rzte, Apotheker sowie der Psychologischen Psychotherapeuten und der Kinder- und Jugendlichenpsychotherapeuten (Heilberufe-Kammergesetz \u2013 HKaG).<br>Berufsordnung f\u00fcr die Psychologischen Psychotherapeutinnen und Psychotherapeuten und f\u00fcr die Kinder- und Jugendlichenpsychotherapeutinnen und -psychotherapeuten Bayerns.<br><br><strong>Angaben zur Berufshaftpflichtversicherung<\/strong><br>ERGO Versicherung AG<br>ERGO-Platz 1<br>40477 D\u00fcsseldorf<br>Geltungsraum der Versicherung: Deutschland<br><br><strong>Umsatzsteuer-ID<\/strong><br>Umsatzsteuerbefreit gem\u00e4\u00df \u00a74 Nr. 14 Umsatzsteuergesetz<\/p>\n\n\n\n<p><br><strong>Haftung f\u00fcr Inhalte<\/strong><\/p>\n\n\n\n<p>Als Diensteanbieter sind wir gem\u00e4\u00df \u00a7 7 Abs.1 TMG f\u00fcr eigene Inhalte auf diesen Seiten nach den allgemeinen Gesetzen verantwortlich. Nach \u00a7\u00a7 8 bis 10 TMG sind wir als Diensteanbieter jedoch nicht verpflichtet, \u00fcbermittelte oder gespeicherte fremde Informationen zu \u00fcberwachen oder nach Umst\u00e4nden zu forschen, die auf eine rechtswidrige T\u00e4tigkeit hinweisen.<\/p>\n\n\n\n<p>Verpflichtungen zur Entfernung oder Sperrung der Nutzung von Informationen nach den allgemeinen Gesetzen bleiben hiervon unber\u00fchrt. Eine diesbez\u00fcgliche Haftung ist jedoch erst ab dem Zeitpunkt der Kenntnis einer konkreten Rechtsverletzung m\u00f6glich. Bei Bekanntwerden von entsprechenden Rechtsverletzungen werden wir diese Inhalte umgehend entfernen.<br><\/p>\n\n\n\n<p><strong>Urheberrecht<\/strong><\/p>\n\n\n\n<p>Die durch die Seitenbetreiber erstellten Inhalte und Werke auf diesen Seiten unterliegen dem deutschen Urheberrecht. Die Vervielf\u00e4ltigung, Bearbeitung, Verbreitung und jede Art der Verwertung au\u00dferhalb der Grenzen des Urheberrechtes bed\u00fcrfen der schriftlichen Zustimmung des jeweiligen Autors bzw. Erstellers. Downloads und Kopien dieser Seite sind nur f\u00fcr den privaten, nicht kommerziellen Gebrauch gestattet.<\/p>\n\n\n\n<p>Soweit die Inhalte auf dieser Seite nicht vom Betreiber erstellt wurden, werden die Urheberrechte Dritter beachtet. Insbesondere werden Inhalte Dritter als solche gekennzeichnet. Sollten Sie trotzdem auf eine Urheberrechtsverletzung aufmerksam werden, bitten wir um einen entsprechenden Hinweis. Bei Bekanntwerden von Rechtsverletzungen werden wir derartige Inhalte umgehend entfernen.<br><\/p>\n","protected":false},"excerpt":{"rendered":"<p>ImpressumAngaben gem\u00e4\u00df \u00a7 5 TMG Praxis und Privatpraxis f\u00fcr Psychotherapie und CoachingBischof-Sailer-Platz 42084028 Landshut Kontakt Telefon: 0871 96684388Mobil: +49 (0) 162 5675991E-Mail: kontakt@anne-lang.de Gesetzliche BerufsbezeichnungPsychologische Psychotherapeutin Richtlinienverfahren VerhaltenstherapieApprobation verliehen in der Bundesrepublik Deutschland durch die Regierung von Oberbayern Zulassung durch die Kassen\u00e4rztliche Vereinigung BayernsBSNR: 696925200 Zugeh\u00f6rige Aufsichtsbeh\u00f6rde gem\u00e4\u00df \u00a76 Nr.3 TDGBayerische Landeskammer der Psychologischen Psychotherapeuten<span class=\"post-excerpt-end\">&hellip;<\/span><\/p>\n<p class=\"more-link\"><a href=\"http:\/\/www.anne-lang.de\/?page_id=231\" class=\"themebutton\">Read More<\/a><\/p>\n","protected":false},"author":1,"featured_media":0,"parent":0,"menu_order":5,"comment_status":"closed","ping_status":"closed","template":"","meta":{"footnotes":""},"class_list":["post-231","page","type-page","status-publish","hentry"],"_links":{"self":[{"href":"http:\/\/www.anne-lang.de\/index.php?rest_route=\/wp\/v2\/pages\/231"}],"collection":[{"href":"http:\/\/www.anne-lang.de\/index.php?rest_route=\/wp\/v2\/pages"}],"about":[{"href":"http:\/\/www.anne-lang.de\/index.php?rest_route=\/wp\/v2\/types\/page"}],"author":[{"embeddable":true,"href":"http:\/\/www.anne-lang.de\/index.php?rest_route=\/wp\/v2\/users\/1"}],"replies":[{"embeddable":true,"href":"http:\/\/www.anne-lang.de\/index.php?rest_route=%2Fwp%2Fv2%2Fcomments&post=231"}],"version-history":[{"count":8,"href":"http:\/\/www.anne-lang.de\/index.php?rest_route=\/wp\/v2\/pages\/231\/revisions"}],"predecessor-version":[{"id":290,"href":"http:\/\/www.anne-lang.de\/index.php?rest_route=\/wp\/v2\/pages\/231\/revisions\/290"}],"wp:attachment":[{"href":"http:\/\/www.anne-lang.de\/index.php?rest_route=%2Fwp%2Fv2%2Fmedia&parent=231"}],"curies":[{"name":"wp","href":"https:\/\/api.w.org\/{rel}","templated":true}]}}